-1033 - -1065. Calculate the remainder when q is divided by 18.
14
Suppose 150 = 5*y - 5*x, 0 = -3*y + 2*x - 4*x + 80. Calculate the remainder when 110 is divided by y.
26
Suppose -2*r + 7 + 3 = 0. Suppose -r*z + 132 = -23. Calculate the remainder when z is divided by 17.
14
Let r(d) = -d**3 - 19*d**2 + 16*d - 4. Let l be r(-20). Suppose 0*h - l = -5*z + 2*h, 5*h = 10. What is the remainder when 57 is divided by z?
9
Suppose 0 = 2*t + s - 17, -t + 21 = -16*s + 19*s. What is the remainder when 28 is divided by t?
4
Let z = -470 + 485. What is the remainder when 208 is divided by z?
13
Let j = -5 + 7. Suppose j*v + 2*v - 108 = 0. Suppose -i + 2*i = v. Calculate the remainder when i is divided by 15.
12
Suppose g - 2*g + 108 = 0. What is the remainder when g is divided by (-37)/((-2)/2 + 0)?
34
Suppose 0 = 3*q - o - 2506, -3*q - 5*o + 1924 + 612 = 0. What is the remainder when q is divided by 7?
4
Let p = 55 - 28. Let h be 3 + -4 + -3 + p. Let z = h + -14. What is the remainder when 24 is divided by z?
6
Calculate the remainder when 102 is divided by (0/5 + (-12)/(-15))*45.
30
Let s be (-3)/(9/(-27) - 4/6). Let t be 4/(-16) + 47/(-4). What is the remainder when (-45)/t + s/(-4) is divided by 2?
1
Suppose 7*z - 19*z + 120 = 0. Suppose 0 = -2*b + 5 + 3. Suppose 2*w = b*p + 50, 3*w + 0*w + 2*p = 83. Calculate the remainder when w is divided by z.
7
Suppose -8*k - 298 = -642. What is the remainder when 155 is divided by k?
26
Let g = -351 + 457. Calculate the remainder when g is divided by 54.
52
Let r be (345/(-10))/(((-9)/(-12))/1). Let h = r + 61. Calculate the remainder when h is divided by 8.
7
Let p(u) = u**3 + 8*u**2 + 4*u - 6. Let d = -226 + 351. What is the remainder when d is divided by p(-4)?
41
Let a be ((-752)/3)/(-4) + 6/(-9). What is the remainder when 1 + -5 + a + 6/(-3) is divided by 12?
8
Suppose 0 = -3*p - 2*p. Suppose p = z - 2*z - 9. Let u = 12 + z. Calculate the remainder when 6 is divided by u.
0
Let d(u) = u**3 + 12*u**2 + 30. Calculate the remainder when 158 is divided by d(-11).
7
Let d(h) = 3*h + 15. Let y be d(-4). Suppose 2*o = 4*o - 66. Suppose -y*n + o = -0*n. What is the remainder when n is divided by 6?
5
Let f(q) = -q**3 + 2*q**2 + q + 46. Calculate the remainder when f(0) is divided by 8.
6
Let f(z) = -z**2 - 13*z + 37. What is the remainder when f(-14) is divided by 18?
5
Let g(w) = -w**3 - 3*w**2 - w. Let b be g(-3). Let q be (27/6)/(b/4). What is the remainder when 13 is divided by q/(-5)*200/(-30)?
5
Let u = -26 - -51. Let n be (-43)/(-3) + 10/6. Suppose 45 = 3*o + 2*t, o + t = -0*t + n. Calculate the remainder when u is divided by o.
12
What is the remainder when 749 is divided by -9*(-8)/12 - -10?
13
Suppose -3*m = 20 + 16. Suppose 5*p = 9*p - 196. Let t = p + m. What is the remainder when t is divided by 10?
7
Suppose -6*o + 18 = 6. Suppose d + 3*c - 97 = -d, -o*d = 4*c - 92. What is the remainder when d is divided by 15?
11
Let k(z) = -z**3 + 7*z**2 - 6. Let m be k(7). Suppose -3*l + 26 - 2 = -5*i, -2*l - 5*i + 16 = 0. Calculate the remainder when 58 is divided by 19 + l/m*3.
13
Let l = 439 + -320. Calculate the remainder when l is divided by 12.
11
Let b be 53*(1 - 6 - 1/(-1)). Let p = b + 325. Calculate the remainder when p is divided by 38.
37
Suppose 75 = 177*n - 174*n. Suppose 0 = 2*a + 2*m - 14, 4 = -4*a + 5*m - 13. Suppose -a*y = 3*y - 65. What is the remainder when n is divided by y?
12
Let l(m) = -4*m + 25. Calculate the remainder when 243 is divided by l(-4).
38
Let r(x) be the third derivative of -x**5/20 - 7*x**4/6 - 5*x**3/6 - 20*x**2. Let m(o) = -50*o + 1. What is the remainder when m(-1) is divided by r(-8)?
24
Suppose -2*c - 13 = -8*y + 3*y, 2*c = -4*y + 14. Suppose o = 3*s - c, 3*o + 2*s - 27 = s. Calculate the remainder when 54 is divided by o.
6
Let m be 1/(-6) + (-109)/(-6). Suppose 0 = -f - i + 2, 5*f - i - m = 2*i. Suppose f*l + 5 = 26. What is the remainder when 12 is divided by l?
5
Suppose 5*s - 65 = -3*w, 3*s - 4*w - 84 = -s. What is the remainder when 59 is divided by s?
11
Let a(m) = 4 - m + m**2 + 0*m**2 + 9. Suppose 0 = 22*f + 13*f - 3080. Calculate the remainder when f is divided by a(0).
10
Suppose 0 = 2*s - 4*j - 220, 3*s + 2*s + 2*j = 550. Calculate the remainder when s is divided by 23.
18
Suppose -5 = z, -2*o - z + 29 = -0*z. Suppose 2*i - 38 = -q + 52, q - 93 = -3*i. Calculate the remainder when q is divided by o.
16
Suppose 0 = 5*z - 2*b - 6, -5*b - 15 = 2*z - 0. Suppose -h = -z*u - 4*u - 38, 4*h + 5*u = 89. What is the remainder when h is divided by 9?
8
Suppose 4*v - 6 = 2*y, 7 = -v + 5*y - 5. Suppose 8 = -v*l + 23. Suppose 2*t - 3*t = -2*s - 10, l*t - 3*s = 64. Calculate the remainder when t is divided by 6.
2
Let c(q) = 4*q**2 + q + 1. Let s(l) = l**2 + 2*l - 2. Let o be 4 + -6 + (0 - 3). Calculate the remainder when s(o) is divided by c(-1).
1
Let q = 662 + -657. Suppose -18 - 36 = -3*d. Let t = d + -13. What is the remainder when t is divided by q?
0
Suppose 30*n + 6 = 28*n, -r + n + 90 = 0. Suppose 64 = 2*x + 20. Calculate the remainder when r is divided by x.
21
Let o = -30 + 27. What is the remainder when 38 is divided by (-40)/o - ((-14)/(-6) + -2)?
12
Let o = 31 + -28. Suppose o*n + 21 = 10*n. What is the remainder when 22 is divided by n?
1
Let f = -194 - -381. What is the remainder when f is divided by 19?
16
Let w(t) = 6*t**2 + 95*t + 275. Suppose 2*y - 32 - 4 = -2*m, -4*m - 3*y = -69. What is the remainder when w(-3) is divided by m?
14
Calculate the remainder when 45/(-18) + 2 + 186/4 is divided by 5.
1
Let i be (-8)/2 + -3 + 4. Let t be -2*(52/(-8) + i). Let x = 76 + t. What is the remainder when x is divided by 24?
23
Suppose -6*r + 120 + 324 = 0. What is the remainder when r is divided by 41?
33
Suppose -3*w = -v - 176, -5*v - 128 - 125 = -4*w. Calculate the remainder when 150 is divided by w.
36
Suppose -4*a + 25 = -3*j, 9*j - 2*a + 11 = 8*j. Let d be 1/(-2)*(0 - 2). What is the remainder when 11 is divided by (j/(1/d))/(-1)?
2
Let i(f) = f**2 + f. Let m(x) = x**3 + 7*x**2 + 8*x - 2. Let c(g) = 2*i(g) - m(g). What is the remainder when c(-4) is divided by 2?
0
Suppose -9*m - 1 = -10. What is the remainder when 17 is divided by m?
0
Let n = -516 - -610. Calculate the remainder when 459 is divided by n.
83
Suppose 0 = -4*c - 3*r + 6, c + 4*r = -0*c - 5. Let x = 4 - c. What is the remainder when (4/10)/(x/50) is divided by 11?
9
Suppose 6*p = 2*p + 32. Calculate the remainder when (2/3)/((-17)/(-16269)*22) is divided by p.
5
What is the remainder when -6*(-6)/36 - (-499 + -1) is divided by 24?
21
Suppose -4*q = 3*z - 108, -q + 44 = -0*z + 5*z. Suppose 4*i + q = 7*i. Suppose -3*f + i*f - 70 = 0. What is the remainder when f is divided by 4?
2
Let l(r) = -15*r**2 - r**3 + r**2 + 0*r**3 + 6. Let z be l(-14). Let c = z + -1. Calculate the remainder when c is divided by 3.
2
Suppose 5*y + 2*k - 100 = 3*k, -4*y + 81 = -k. Let r(f) = -f**3 + 6*f**2 - f - 12. Calculate the remainder when y is divided by r(5).
3
Let u = -22 + 22. Suppose u = 5*r + 2*z - 274 + 69, 0 = 3*r + 5*z - 104. Calculate the remainder when r is divided by 11.
10
Let s = -119 - -379. What is the remainder when s is divided by 11?
7
Suppose 67 + 17 = 4*q. Calculate the remainder when q is divided by 5.
1
Suppose -2*q + 13 + 11 = 0. Suppose 0 = -2*p - b + 92, p + 3 = 3*b + 35. Let l = 1 + p. What is the remainder when l is divided by q?
9
Suppose 28*k + 5*y + 272 = 31*k, -4*k = -3*y - 381. Calculate the remainder when k is divided by 31.
6
Suppose 2*n + f = 38, 57 = 2*n - 2*f + 13. Calculate the remainder when 376 is divided by n.
16
Suppose u + o = 256, 7*u - 2*u + o - 1284 = 0. What is the remainder when u is divided by 79?
20
Let m(n) = 19*n**3 + 3*n**2 + 2*n. Let h(b) = -37*b**3 - 7*b**2 - 5*b. Let w(j) = 3*h(j) + 7*m(j). Calculate the remainder when w(1) is divided by 11.
10
Let l be (-10)/35 - 4/(-14). Let n(y) = y + 1. Let t(h) = 4*h + 19. Let q(c) = -5*n(c) + t(c). Calculate the remainder when q(l) is divided by 4.
2
Let d = 250 - 65. Calculate the remainder when d is divided by 24.
17
Let t(c) = c**3 + 4*c**2 - c. Let s be t(-4). Suppose -102*p + 100*p + 32 = 0. Let v = p - s. What is the remainder when 20 is divided by v?
8
Let k be -1 + (-10)/(-2) + 0. Let p = k - 5. Calculate 